he first derivative of v(s). What is the units digit of a(-11)?
0
Suppose -3*r + 0*d + 3 = 3*d, 3*r + 2*d = 6. Let h be (-1)/((-1)/8) - r. Suppose h*b - b = 3*a + 33, -5*b - a = -73. What is the units digit of b?
4
What is the units digit of (-74)/481 - (-31620)/26?
6
Suppose i - 475 = -0*i - 2*v, -3*i - 2*v = -1437. What is the hundreds digit of i?
4
Let u(h) = -58*h - 245. What is the tens digit of u(-8)?
1
Suppose 3*n - 2006 = 994. What is the hundreds digit of n?
0
Let f(t) = 164*t**3 - 2*t**2 + t. Let z be f(1). Suppose 63 = 5*c + 48. Suppose 3*w = -2*p + 114 + 7, -c*p = 4*w - z. What is the units digit of w?
7
Suppose 3*q + b + 4 = 68, q + 2*b = 28. Suppose -3*z - 4*y - 59 = 0, -z + 2*y - 44 = z. Let l = q - z. What is the tens digit of l?
4
Let h(u) = -40*u - 456. What is the units digit of h(-25)?
4
Suppose 5*m - 614 = 4*k - 7*k, 0 = -2*k - 4. What is the tens digit of m?
2
Let n = 40 - 38. Suppose 3*y - 2*y + 5*f = 106, -252 = -n*y - 2*f. What is the hundreds digit of y?
1
Let w(u) = 4*u - 5. Let n be w(2). Suppose 2*o - n*h - h = -8, 4*h = 20. Suppose 4*d - o*d = -38. What is the tens digit of d?
1
Let i(l) = -l**3 + 7*l**2 + 3*l - 2. Let s(f) = 0*f + 5*f - 1 - 4*f. Let a be s(6). What is the units digit of i(a)?
3
Let x(u) be the first derivative of -u + 6 + 4*u + 10*u**2 + 5*u**2. What is the tens digit of x(1)?
3
Let t(f) = 2*f**2 + 9. Suppose -22 = -6*r + 8. Suppose -d - r = -0*d. What is the units digit of t(d)?
9
Suppose 5*i - 1034 = 5*o + 596, 3*i - 988 = -2*o. What is the tens digit of i*(-3 + 28/8)?
6
Suppose 0 = -3*l - 3, 4 = -3*i + i - 4*l. Suppose i*n - 7*n + 980 = 0. What is the units digit of n?
0
Suppose 6*v = 4*v + 5*f - 49, -3*f = v - 3. Let o(s) = 2*s**2 + 8*s - 15. Let i be o(v). Suppose -5*b + 98 + i = 0. What is the tens digit of b?
5
Let u(t) = -3*t**3 - 14*t**2 + 11*t - 11. Let c(v) = -4*v**3 - 15*v**2 + 12*v - 10. Let s(j) = -2*c(j) + 3*u(j). What is the tens digit of s(-13)?
3
Suppose -j + 7*f = 4*f - 222, 630 = 3*j + 3*f. What is the units digit of j?
3
Let h(o) = 8*o**2 - 5. Let g = -22 - -17. What is the tens digit of h(g)?
9
Suppose -7*g - 162 = -13*g. What is the tens digit of g?
2
What is the hundreds digit of 1/(-4) + (-163607)/(-188)?
8
Suppose -21 = -4*j + 6*a - 7*a, -3*a - 5 = -5*j. Suppose -3*v - 2*m = -437, 0 = j*v - 5*m - 175 - 400. What is the hundreds digit of v?
1
Let k be (-86)/(-4) - (-2)/(-4). Suppose -3*t - k = -57. Suppose -13*l + t*l + 1 = 0. What is the units digit of l?
1
Let r = -725 + 1235. What is the units digit of r?
0
Suppose -23 = -5*i + 5*x + 12, -x - 15 = -3*i. Suppose 57 = i*b - 3*b. What is the units digit of b?
7
Let n(c) = -6*c + 42. Let d be n(7). Suppose 7*w = 2*w + 4*a + 62, d = 5*w + 4*a - 78. What is the tens digit of w?
1
Let q(p) = -8 - 2*p + 0*p - 2*p**2 - p**3 - 4*p**2 - 3*p. Suppose -k + 3*k = -12. What is the tens digit of q(k)?
2
Suppose -10*d - 24 - 6 = 0. Let f(i) = i**2 - i - 1. Let h(v) = 10*v**2 - 3*v. Let c(g) = -3*f(g) + h(g). What is the units digit of c(d)?
6
Suppose -3*o - 1 + 13 = 0. Let t be 15/(-12) - (-906)/8. What is the units digit of (6/o)/(21/t)?
8
Let t(x) = -5*x - 9. Let m be t(-4). Suppose -16*o + 155 = -m*o. Suppose -w + 13 = -o. What is the tens digit of w?
4
Let t(x) = 120*x - 62. Let r(s) = -60*s + 31. Let i(f) = -13*r(f) - 6*t(f). What is the units digit of i(6)?
9
Let s be (168/(-98))/((-2)/(-7)). Let q = 274 - s. What is the tens digit of q?
8
Suppose 22 + 0 = 2*l. Let o = 14 - l. Suppose -o*t = -0*t - 69. What is the units digit of t?
3
Let v(m) = -m**3 + 2*m - 1. Let l be v(-3). Suppose -k = 4*k - l. Suppose -q + 0*q = -k. What is the units digit of q?
4
Suppose -t + 85 = 2*d, -2*t + 3*t - 5*d - 57 = 0. Let m = t + -46. What is the tens digit of m?
3
Let y be 2 - (-3 + 2 + 1). Suppose y = 2*p - p. Suppose p*v + i + i - 14 = 0, 5*v - 41 = -2*i. What is the units digit of v?
9
Let x = 130 + -125. Suppose 9*k - 2226 = -x*k. What is the hundreds digit of k?
1
Let u(g) = 0*g**3 - g - g**3 - 2 - 2 + 2*g + 9*g**2. Let l be u(9). Let z(k) = k**2 + k - 7. What is the units digit of z(l)?
3
Let f = -20 + 38. Suppose 2*r = 2*o + 90, r + 148 = 5*r + 4*o. Let h = r - f. What is the units digit of h?
3
Suppose -2*f + 1542 = 268. What is the units digit of f?
7
Suppose 3*z - 477 = 2*z. What is the hundreds digit of z?
4
Suppose 0*o - 2*o = -48. Suppose 4*b - 1 = -y + o, 79 = 4*y - 5*b. Suppose 2*m - v = y, -3*m + v + 24 = -3*v. What is the tens digit of m?
1
Let d = -344 + 1007. What is the hundreds digit of d?
6
Let a(c) = c**3 + 23*c**2 - 26*c - 48. Let x be a(-24). Suppose 4*o = 2*k + 824, x*o + 3*k = -2*o + 404. What is the tens digit of o?
0
Let h = 172 - 134. What is the tens digit of h?
3
Let d be -15 + 18 - (1 + 36/(-1)). What is the tens digit of d/3*(-9 - -15)?
7
Suppose 0 = -7*z + 5274 + 228. What is the units digit of z?
6
Let a(t) = t**3 - 17*t**2 - 18*t + 6. Let u be a(18). Let s = 4 + -3. Suppose -u*d = s - 133. What is the units digit of d?
2
Let c = 73 + 23. Suppose -3*n + 3*p - 5*p - 134 = 0, 2*n - 2*p + c = 0. Let t = -3 - n. What is the tens digit of t?
4
Suppose v + 180 - 34 = 5*g, 0 = 4*g + 5*v - 140. What is the tens digit of g?
3
Suppose 4*n + 3 = v, -n - 5 = -4*v + 7. Suppose -2*g + 14 = 4*l - 3*l, -v*l = -4*g + 8. What is the tens digit of (3 - l) + 0 - -22?
2
Let x(j) = -3*j**2 - j. Let r be x(-1). Let d = -57 + 6. What is the tens digit of d/r + 8/(-16)?
2
Suppose -6*z + 3*z = 4*w - 143, -5*z = 5*w - 185. Suppose -w = -2*i - 2*i. What is the units digit of i?
8
Suppose -8 = f - 4, g = 5*f + 622. What is the hundreds digit of g?
6
Suppose 12*x = 14*x - 18. What is the units digit of (225/20)/(x/48)?
0
Suppose 4*f - 459 = 525. What is the tens digit of f?
4
What is the thousands digit of (-32)/144 - 50680/(-45)?
1
Suppose -13*z = -5*z - 1808. Suppose -8*g = -6*g - z. What is the hundreds digit of g?
1
Let d be 16/7 + (-12)/42. Suppose -d*j + 3*z = 17, -6*z + 10 = -j - 3*z. What is the tens digit of -50*2/(3 + j)?
2
Let h be (-1 - (0 - -1)) + 6. Let j(y) be the second derivative of 4*y**3/3 - 5*y**2/2 + y - 24. What is the tens digit of j(h)?
2
Let b(j) = 4 + j**3 - 3*j**2 - 2*j + j**3 + 0*j. Let f be 2/6*3 + -4 + 5. What is the units digit of b(f)?
4
Let s(f) = 80*f - 3. Let c be s(2). Let u = c - 0. What is the hundreds digit of u?
1
What is the hundreds digit of (-12)/(-15) + (-94689)/(-45)?
1
Let y(g) = g**2 - 2*g**2 - 1 + 0 - 22*g + 0. Let v be y(-15). Suppose 5*s + v = 7*s. What is the tens digit of s?
5
Let x = 114 - 85. Suppose -o = -183 + x. What is the tens digit of o?
5
Suppose s = 2*f + 2*s - 3152, -7879 = -5*f - 2*s. What is the units digit of f?
5
Suppose 2*c + v - 3515 = 2524, -4*c - 3*v = -12081. What is the tens digit of c?
1
What is the units digit of 142/(-781) + (-11332)/(-11)?
0
Suppose 2*j - 3*j = 4. Let d be (-12)/j + 0 - -1. Suppose -113 = -0*s - 5*s + d*b, 3*s - b = 72. What is the units digit of s?
5
Let o be 1/((-2)/4) + 7. Suppose -9*l = -o*l - 464. Suppose 0 = h - 5*h + l. What is the units digit of h?
9
Let z = -87 - -47. Let b = 14 - z. What is the tens digit of b?
5
Let f = -167 + 98. What is the units digit of 3/(204/f - -3)?
9
Suppose 56*q = 63*q - 16324. What is the units digit of q?
2
Let z = -253 + 503. What is the tens digit of z?
5
Let f be 2 + 2 + (38 - 1). What is the units digit of (f - 5) + 3 + -2?
7
Suppose -1007*u = -1018*u + 10890. What is the units digit of u?
0
Let h be 2/(-4) + (-483)/(-6). Let l = h + 37. What is the units digit of l?
7
Let k(u) = 0*u**2 - u**2 - 8*u - u**3 + 17*u - 5*u**2 + 4. What is the tens digit of k(-8)?
6
Suppose 5*z = z + 8. Let n(x) = 2*x - x**3 + 4*x - 6*x**z - 13*x - 6. What is the units digit of n(-6)?
6
Let s be (-5 - -6) + 1/(-1). Suppose -5*c + 625 = -s*c + x, 0 = -2*c + x + 257. Suppose -166 = -4*j + 5*a, 0 = -3*j + 2*a + a + c. What is the units digit of j?
4
Suppose -m - 5 = -0. Let f be (-1 - -1)/(-4 - m). Suppose -a + 4*z + 30 = f, -5*z = 5*a - 0*a - 175. What is the units digit of a?
4
Let f be (-141)/2 - (-4)/8. Let u = f - -13. What is the units digit of u*((-7)/3 + 2)?
9
Suppose 0 = -92*u + 99*u - 6965. What is the units digit of u?
5
Let f(h) = 8*h**2 + 22*h - 81. What is the hundreds digit of f(-12)?
8
Let g(b) be the second 